7). Let a = h + -565. Calculate the remainder when s(2) is divided by a.
14
Calculate the remainder when 148 is divided by (-442)/(-102)*1/(1/6) + -3.
10
Let z(q) = 7*q + 153. Let h(y) = -16*y + 172. Let o be h(12). What is the remainder when 51 is divided by z(o)?
12
Let z(h) = h**3 + h**2 + 1. Let w be (2/5)/((-5)/725). Let j = -55 - w. What is the remainder when j is divided by z(0)?
0
Let n(w) = 17*w - 78. Let x be n(5). Suppose 5*y = x + 3, 217 = o + 4*y. Calculate the remainder when o is divided by 53.
50
Suppose -24 = -5*t - 9. Suppose -4*a - 43 = -3*m, 58*m - 56*m - 5*a = 38. What is the remainder when m is divided by t?
0
Let w = -510 + 61. Let h = -1009 - w. What is the remainder when ((-4)/5)/(14/h) is divided by 17?
15
Suppose 4*m - 58 = 3*m. Let y = 30 + m. Calculate the remainder when y is divided by (15/8)/(38/304).
13
Let f = -1412 - -1417. Let z(p) = p**2 - 4*p - 4. Let v be z(3). Calculate the remainder when 2/v + 174/21 is divided by f.
3
Let k(n) = 55*n**2 + 57*n + 110. What is the remainder when k(-2) is divided by 70?
6
Suppose 9*h + 12*h - h - 200 = 0. What is the remainder when 178 is divided by h?
8
Suppose -136*l + 90*l = -8648. What is the remainder when 1496 is divided by l?
180
Suppose 68*f = -13*f + 17253. Calculate the remainder when f is divided by 18.
15
Suppose u + 55 = -n, -187 = 3*u - 4*n - 22. Let w = 242 + u. Calculate the remainder when w is divided by 19.
16
Suppose -5*u = -5*v - 55, 3*u + v - 60 + 11 = 0. Suppose 3*x = 3*f + u + 24, -2*x - 5*f = -47. What is the remainder when x is divided by 12?
4
Let h(s) = -s**2 - 14*s + 30. What is the remainder when -11 - (-1704)/(8 - -4) is divided by h(-13)?
2
Suppose l - 3*d = 2538, 5*l + d - 5986 = 6576. Calculate the remainder when l is divided by 72.
66
Let u(h) be the first derivative of 2*h**2 - 20*h + 20. What is the remainder when 47 is divided by u(8)?
11
Suppose 2*b = 3*y + 23, -2*y = -3*b + b + 18. Let u(t) = 6*t - 12. Let r be u(b). Suppose r*a + 6*a - 540 = 0. What is the remainder when 87 is divided by a?
27
Suppose 211*o = -216*o + 430*o - 564. What is the remainder when o is divided by 53?
29
Let i(a) be the first derivative of -a**4/2 - 13*a**3/3 - 27*a**2/2 - 79*a + 12. Calculate the remainder when i(-8) is divided by 30.
29
Let p be (-10242)/13 - (-42)/(-273). What is the remainder when p*4/(-64)*4 is divided by 25?
22
Let r = -204 + 188. What is the remainder when (-21)/(-4) + 2 - (-4)/r is divided by 5?
2
Let g be ((-117)/6)/(2/(-8))*9. Suppose g = 8*s - 186. Let p = s - 87. Calculate the remainder when 67 is divided by p.
19
Suppose 0 = 5*x + 2*w - 15960, 43*x = 45*x - 3*w - 6403. Calculate the remainder when x is divided by 47.
45
Let o = -30571 - -30657. What is the remainder when o is divided by 50?
36
Let a(t) = 95*t**2 - 251*t + 1. Let b(u) = -14*u + 1. Let i be (-2 - 0 - -1)*1. What is the remainder when a(3) is divided by b(i)?
13
Let k(o) = -8*o - 27. Let j be k(-5). Suppose 0 = 4*y - 15 - j. Let d(x) = 2*x**3 - 2*x**2 - 3*x + 3. What is the remainder when y is divided by d(2)?
2
Let k be (-6)/(55/10 - 4). Let q be 1/1 - -22 - k. Suppose -q = -p - 4*g, -4*p + 37 = 5*g - 104. Calculate the remainder when p is divided by 20.
19
Let a(v) = 43*v**2 + 284*v + 68. What is the remainder when a(-8) is divided by 57?
35
Let x(h) = h**3 - 2*h**2 + 5*h - 9. Let a(f) = -26*f. Let k be a(3). Let o = -74 - k. What is the remainder when x(o) is divided by 9?
7
What is the remainder when 308 is divided by 8/((-42)/(-21)) - 129/(-3 - 0)?
26
Let d be (10/(-6) - (-8 - -7))*-12. Suppose 0 = d*i - 260 - 20. Suppose -m - 4*t = -6*m + i, -5*m = -3*t - 30. What is the remainder when 22 is divided by m?
1
Let z(n) = n**2 + 4*n - 8. Let d be z(-10). Suppose 22*v - d = 9*v. Suppose -162 - 106 = -v*q. Calculate the remainder when q is divided by 18.
13
Let j = -9498 + 10412. What is the remainder when j is divided by 26?
4
Suppose 0 = -46*a + 93*a - 44*a - 8466. Calculate the remainder when a is divided by 18.
14
Let k(t) = -6*t - 11. Let j(v) = -5*v**2 - 3*v - 2. Let w be j(-1). Suppose 3 = -l, -r - 5 = l - 38. What is the remainder when r is divided by k(w)?
10
Let p(i) = 4*i**2 - 10*i - 7. Calculate the remainder when 328 is divided by p(4).
5
Suppose -3*y = p - 19, 0 = -5*p - 4*y + 138 - 32. Let j = -95 - -60. Calculate the remainder when (-2912)/j - 3/15 is divided by p.
17
Let k(g) = 60*g + 1031. What is the remainder when 4299 is divided by k(-17)?
9
Suppose 69*z = 64*z. Suppose z = 130*p - 125*p. Suppose p*d = -w - d + 59, 0 = -d + 5. What is the remainder when w is divided by 30?
24
Suppose -2*f - 4186 + 1342 = -4*m, -3*f - 2133 = -3*m. What is the remainder when m is divided by 232?
15
Let o be (-1 - -2)/(-1) + 55/5. Suppose -763 = -o*y + 3*y. Calculate the remainder when y is divided by (-2)/(-6) - 1503/(-27).
53
Suppose 0 = 4*q + 2*v - 680, 9*q - 2*v = 8*q + 180. Calculate the remainder when 341 is divided by q.
169
What is the remainder when ((-900)/480)/((-2)/144) is divided by 125?
10
Let p = 213 - 215. Calculate the remainder when 58 is divided by (300/(-45))/(14/(-6) - p).
18
Suppose 35 = 3*j + 23. Suppose -j*g + 19*g = 765. Calculate the remainder when g is divided by 5.
1
Let a be (1 + 0 - -3)*23/(-4). Let o = a - -36. What is the remainder when 44 is divided by o?
5
Suppose 2*m = 5*m - 402. Let i = 1768 - 1723. Calculate the remainder when m is divided by i.
44
Suppose 0*h + 380 = 5*h - 2*k, -k - 5 = 0. Calculate the remainder when 294 is divided by h.
72
Suppose 0 = -3*q + h - 605, -5*q - 3*h - 1053 = -68. Let y = q + 252. What is the remainder when 153 is divided by y?
49
Let i = 378 - 253. Let y = 181 - i. Suppose 8*a - 1110 = 3*a. What is the remainder when a is divided by y?
54
Suppose 123*f - 128*f = -20. Suppose -35 = -f*i + 117. What is the remainder when 148 is divided by i?
34
Let f(n) = n**3 - 7*n**2 + 6*n - 9. Let c be f(7). Suppose -1225 = -34*h - h. Let a = h - c. What is the remainder when a is divided by 2?
0
Let b = -124 - -243. Let c = 104 + -127. What is the remainder when b is divided by ((-8)/(-2) - 7 - c)/1?
19
Let p(l) = l**2 + l + 2. Let k = 362940 + -362912. What is the remainder when k is divided by p(-3)?
4
Suppose -3*y - b + 3*b + 33 = 0, y + 2*b = 3. What is the remainder when 59 is divided by 3/2*y/((-27)/(-64))?
27
Suppose -41*u + 450 = -32*u. Let p(s) = 5*s - 1. Let r be p(1). Suppose -r*k + u = -2*k. What is the remainder when 49 is divided by k?
24
Let k = 82 - 78. Suppose 0 = -3*a - l + 4, k*a + 3*l = -0*a + 12. Suppose 2*s + s + 4*x = 56, a = s - 3*x - 36. What is the remainder when 95 is divided by s?
23
Let y be ((-12)/(-9))/((-2)/(-6)). Suppose y*c - 298 + 242 = 0. What is the remainder when 25 is divided by c?
11
Suppose 4*m = -453 + 605. What is the remainder when 341 is divided by m?
37
Suppose -48 = -3*v - 0. Let t = v + -11. Let d(y) = 4*y - 12. Calculate the remainder when 23 is divided by d(t).
7
Suppose -115*q = -110*q - 20. Suppose 0 = q*n - 2*n - 138. What is the remainder when n is divided by 15?
9
Let a be (4 + -18)*(-10)/4. Let s be ((-104)/6)/((-48)/(-27) - 2). Let t = s - a. Calculate the remainder when t is divided by 23.
20
Suppose -55*z + 64*z + 864 = 0. Let i = 117 + z. What is the remainder when 165 is divided by i?
18
Let g(s) = 84*s + 2. Let l be g(4). Suppose -2*o - 42 = -l. Calculate the remainder when 72 is divided by (-1)/(-5) + o/10.
12
Suppose -6*v = -11*v - 110. Let l = -9 - v. Let z = 15 - -22. What is the remainder when z is divided by l?
11
Suppose 5*v = 2*v + 15, -g + 2*v = 523. Let n = 608 + g. Calculate the remainder when n is divided by 23.
3
Suppose 3*p + 9 - 15 = 0. Let i be p/(-14) - 110/(-35). Suppose a + 11 = 5*t, 7*t = 2*t + i*a + 13. Calculate the remainder when 8 is divided by t.
0
Suppose -4*i - t = 62 - 467, 5*i - 4*t = 522. What is the remainder when 304 is divided by i?
100
Let u(f) = -f + 14. Let q be u(12). Suppose -q*i + 22 = -4*j - 2, j - 71 = -5*i. Calculate the remainder when 4/i - 1946/(-49) is divided by 14.
12
What is the remainder when -1110*(4/30)/((-12)/30) is divided by 60?
10
Calculate the remainder when 21 is divided by 404/34 + (-17)/((-6936)/48).
9
Suppose -3*o = -3*w + 81, -8*o - 4 = -4*o. Suppose w*q = 19*q + 105. Calculate the rema